{"id":3462,"date":"2022-08-02T08:10:12","date_gmt":"2022-08-02T08:10:12","guid":{"rendered":"https:\/\/www.kopas.com\/index.php\/bebedor-copy-copy\/"},"modified":"2022-08-03T13:30:14","modified_gmt":"2022-08-03T13:30:14","slug":"sesu","status":"publish","type":"page","link":"https:\/\/www.kopas.com\/index.php\/sesu\/","title":{"rendered":"Sesu"},"content":{"rendered":"<div  class='avia-slideshow av-l6bw3xp8-65f0c6b926781921e9cebeed5c4f00e4 avia-slideshow-featured_large av_slideshow avia-slide-slider  avia-builder-el-0  el_before_av_textblock  avia-builder-el-first  av-slideshow-ui av-control-default av-slideshow-manual av-loop-once av-loop-manual-endless av-default-height-applied avia-slideshow-1' data-slideshow-options=\"{&quot;animation&quot;:&quot;slide&quot;,&quot;autoplay&quot;:false,&quot;loop_autoplay&quot;:&quot;once&quot;,&quot;interval&quot;:5,&quot;loop_manual&quot;:&quot;manual-endless&quot;,&quot;autoplay_stopper&quot;:false,&quot;noNavigation&quot;:false,&quot;bg_slider&quot;:false,&quot;keep_padding&quot;:false,&quot;hoverpause&quot;:false,&quot;show_slide_delay&quot;:0}\"  itemprop=\"image\" itemscope=\"itemscope\" itemtype=\"https:\/\/schema.org\/ImageObject\" ><ul class='avia-slideshow-inner ' style='padding-bottom: 42%;'><li  class='avia-slideshow-slide av-l6bw3xp8-65f0c6b926781921e9cebeed5c4f00e4__0  av-single-slide slide-1 slide-odd'><div data-rel='slideshow-1' class='avia-slide-wrap '   ><img decoding=\"async\" class=\"wp-image-3474 avia-img-lazy-loading-not-3474\"  src=\"https:\/\/www.kopas.com\/wp-content\/uploads\/2022\/08\/SESU_Soft-banner-1500x630-1.png\" width=\"1500\" height=\"630\" title='SESU_Soft-banner-1500x630 1' alt=''  itemprop=\"thumbnailUrl\" srcset=\"https:\/\/www.kopas.com\/wp-content\/uploads\/2022\/08\/SESU_Soft-banner-1500x630-1.png 1500w, https:\/\/www.kopas.com\/wp-content\/uploads\/2022\/08\/SESU_Soft-banner-1500x630-1-300x126.png 300w, https:\/\/www.kopas.com\/wp-content\/uploads\/2022\/08\/SESU_Soft-banner-1500x630-1-1030x433.png 1030w, https:\/\/www.kopas.com\/wp-content\/uploads\/2022\/08\/SESU_Soft-banner-1500x630-1-768x323.png 768w, https:\/\/www.kopas.com\/wp-content\/uploads\/2022\/08\/SESU_Soft-banner-1500x630-1-705x296.png 705w\" sizes=\"(max-width: 1500px) 100vw, 1500px\" \/><\/div><\/li><\/ul><\/div>\n<section  class='av_textblock_section av-l6bw7ou8-60ace942d76a519c0289fd77702225af'  itemscope=\"itemscope\" itemtype=\"https:\/\/schema.org\/CreativeWork\" ><div class='avia_textblock'  itemprop=\"text\" ><p style=\"text-align: center;\">T\u00fcrkiye\u2019nin ilk A\u011fda ve T\u00fcy D\u00f6k\u00fcc\u00fcler markas\u0131 Sesu, 1969 y\u0131l\u0131nda Selma ve Suzan karde\u015fler taraf\u0131ndan kuruldu. Kuruldu\u011fu g\u00fcnden bug\u00fcne t\u00fcketicilerin ihtiya\u00e7lar\u0131na yan\u0131t veren Sesu, 2004 y\u0131l\u0131nda Kopa\u015f Kozmetik Pazarlama ve Sanayi A.\u015e. b\u00fcnyesine kat\u0131larak kozmetik sekt\u00f6r\u00fcn\u00fcn \u00f6nc\u00fc firmalar\u0131 aras\u0131ndaki yerini ald\u0131.<\/p>\n<p style=\"text-align: center;\">\u00dcr\u00fcn geli\u015ftirme ve AR-GE deneyiminden ald\u0131\u011f\u0131 g\u00fc\u00e7 ile uzman duru\u015funu 40 y\u0131l\u0131 a\u015fk\u0131n s\u00fcredir muhafaza eden Sesu, t\u00fcketicilerin g\u00fcvenini kazand\u0131; hayat kolayla\u015ft\u0131ran \u00fcr\u00fcnleri ile kalpleri fethetti. Ki\u015fisel bak\u0131m pratiklerini olabilecek en h\u0131zl\u0131 ve etkili \u015fekilde sunmay\u0131 g\u00f6rev bilen ve durmaks\u0131z\u0131n yenilikler pe\u015finde ko\u015fan Sesu, inovasyon kas\u0131n\u0131n ne kadar g\u00fc\u00e7l\u00fc oldu\u011fu her f\u0131rsatta g\u00f6zler \u00f6n\u00fcne serdi.<\/p>\n<p style=\"text-align: center;\">Klasik A\u011fda, A\u011fda Band\u0131, Roll-on A\u011fda, Boncuk A\u011fda ve T\u00fcy D\u00f6k\u00fcc\u00fcler kategorisinde, olduk\u00e7a geni\u015f bir yelpazeye yay\u0131lm\u0131\u015f bir\u00e7ok \u00fcr\u00fcn\u00fc t\u00fcketicileri ile bulu\u015fturan Sesu, yaln\u0131zca kad\u0131nlar i\u00e7in de\u011fil, erkekler i\u00e7in de maksimum performans sa\u011flayan \u00fcr\u00fcnler haz\u0131rlad\u0131 ve \u201cula\u015f\u0131labilir olmak\u201d misyonunu destekledi.<\/p>\n<p style=\"text-align: center;\">Yenilik\u00e7i ve \u00e7a\u011fda\u015f tavr\u0131ndan ald\u0131\u011f\u0131 ilhamla rotas\u0131n\u0131 temiz i\u00e7erikli \u00fcr\u00fcnlere \u00e7eviren Sesu, t\u00fcketicilerin beklentilerine yan\u0131t vermek ve \u201cherkesin markas\u0131 olmak\u201d mottosunu s\u00fcrd\u00fcrmek i\u00e7in \u00e7al\u0131\u015fmaya devam ediyor.<\/p>\n<\/div><\/section>\n<div class='flex_column av-5rxhz2-c084448c5850c306d6866492d624861d av_one_fourth  avia-builder-el-2  el_after_av_textblock  el_before_av_one_fourth  first flex_column_div column-top-margin'     ><div  class='avia-button-wrap av-l6bw53dh-47c2dcec17c654ffd38cd9d884276998-wrap avia-button-center  avia-builder-el-3  avia-builder-el-no-sibling ' ><a href='https:\/\/www.instagram.com\/sesuagda\/'  class='avia-button av-l6bw53dh-47c2dcec17c654ffd38cd9d884276998 avia-icon_select-yes-left-icon avia-size-small avia-position-center avia-color-purple' ><span class='avia_button_icon avia_button_icon_left' aria-hidden='true' data-av_icon='\ue909' data-av_iconfont='entypo-fontello'><\/span><span class='avia_iconbox_title' >Instagram<\/span><\/a><\/div><\/div>\n<div class='flex_column av-47dyni-4c70777434a70f591409c327f432369e av_one_fourth  avia-builder-el-4  el_after_av_one_fourth  el_before_av_one_fourth  flex_column_div column-top-margin'     ><div  class='avia-button-wrap av-l6bwabu9-0b85421bbe5d57d22adc99479c7acbe6-wrap avia-button-center  avia-builder-el-5  avia-builder-el-no-sibling ' ><a href='https:\/\/www.facebook.com\/sesuagdatr\/'  class='avia-button av-l6bwabu9-0b85421bbe5d57d22adc99479c7acbe6 avia-icon_select-yes-left-icon avia-size-small avia-position-center avia-color-blue' ><span class='avia_button_icon avia_button_icon_left' aria-hidden='true' data-av_icon='\ue8f5' data-av_iconfont='entypo-fontello'><\/span><span class='avia_iconbox_title' >Facebook<\/span><\/a><\/div><\/div>\n<div class='flex_column av-2xy5ri-c128f45404a17782d1b49a8a8dad17ac av_one_fourth  avia-builder-el-6  el_after_av_one_fourth  el_before_av_one_fourth  flex_column_div column-top-margin'     ><div  class='avia-button-wrap av-l6bwbrf3-e3a5da86d15a8126a62280f54eef4d54-wrap avia-button-center  avia-builder-el-7  avia-builder-el-no-sibling ' ><a href='https:\/\/www.youtube.com\/c\/SesuA%C4%9Fda'  class='avia-button av-l6bwbrf3-e3a5da86d15a8126a62280f54eef4d54 avia-icon_select-yes-left-icon avia-size-small avia-position-center avia-color-red' ><span class='avia_button_icon avia_button_icon_left' aria-hidden='true' data-av_icon='\ue921' data-av_iconfont='entypo-fontello'><\/span><span class='avia_iconbox_title' >Youtube<\/span><\/a><\/div><\/div>\n<div class='flex_column av-2y58ee-558e6b156ea24e7b2cceac46df8dbaf3 av_one_fourth  avia-builder-el-8  el_after_av_one_fourth  avia-builder-el-last  flex_column_div column-top-margin'     ><div  class='avia-button-wrap av-l6c7la81-f0e24a2ad65b3cbb687b27515a443888-wrap avia-button-center  avia-builder-el-9  avia-builder-el-no-sibling ' ><a href='https:\/\/www.sesu.com.tr\/'  class='avia-button av-l6c7la81-f0e24a2ad65b3cbb687b27515a443888 avia-icon_select-yes-left-icon avia-size-small avia-position-center avia-color-pink' ><span class='avia_button_icon avia_button_icon_left' aria-hidden='true' data-av_icon='\ue8b1' data-av_iconfont='entypo-fontello'><\/span><span class='avia_iconbox_title' >Web Site<\/span><\/a><\/div><\/div>\n","protected":false},"excerpt":{"rendered":"","protected":false},"author":1,"featured_media":0,"parent":0,"menu_order":0,"comment_status":"closed","ping_status":"closed","template":"","meta":{"footnotes":""},"class_list":["post-3462","page","type-page","status-publish","hentry"],"_links":{"self":[{"href":"https:\/\/www.kopas.com\/index.php\/wp-json\/wp\/v2\/pages\/3462","targetHints":{"allow":["GET"]}}],"collection":[{"href":"https:\/\/www.kopas.com\/index.php\/wp-json\/wp\/v2\/pages"}],"about":[{"href":"https:\/\/www.kopas.com\/index.php\/wp-json\/wp\/v2\/types\/page"}],"author":[{"embeddable":true,"href":"https:\/\/www.kopas.com\/index.php\/wp-json\/wp\/v2\/users\/1"}],"replies":[{"embeddable":true,"href":"https:\/\/www.kopas.com\/index.php\/wp-json\/wp\/v2\/comments?post=3462"}],"version-history":[{"count":5,"href":"https:\/\/www.kopas.com\/index.php\/wp-json\/wp\/v2\/pages\/3462\/revisions"}],"predecessor-version":[{"id":3592,"href":"https:\/\/www.kopas.com\/index.php\/wp-json\/wp\/v2\/pages\/3462\/revisions\/3592"}],"wp:attachment":[{"href":"https:\/\/www.kopas.com\/index.php\/wp-json\/wp\/v2\/media?parent=3462"}],"curies":[{"name":"wp","href":"https:\/\/api.w.org\/{rel}","templated":true}]}}