{"id":3676,"date":"2022-08-15T11:35:11","date_gmt":"2022-08-15T11:35:11","guid":{"rendered":"https:\/\/www.kopas.com\/index.php\/cevre-politikasi-copy\/"},"modified":"2022-08-15T11:37:15","modified_gmt":"2022-08-15T11:37:15","slug":"uretim-kapsami","status":"publish","type":"page","link":"https:\/\/www.kopas.com\/index.php\/uretim-kapsami\/","title":{"rendered":"\u00dcRET\u0130M KAPSAMI"},"content":{"rendered":"<div id='av_section_1'  class='avia-section av-l65002my-3672219d82b97022fe9a7ed71cb6a2be main_color avia-section-default avia-no-border-styling  avia-builder-el-0  el_before_av_one_full  avia-builder-el-first  avia-bg-style-scroll container_wrap fullsize'  ><div class='container av-section-cont-open' ><main  role=\"main\" itemprop=\"mainContentOfPage\"  class='template-page content  av-content-full alpha units'><div class='post-entry post-entry-type-page post-entry-3676'><div class='entry-content-wrapper clearfix'>\n\n<style type=\"text\/css\" data-created_by=\"avia_inline_auto\" id=\"style-css-av-l64zxuhb-2b2fb8e15ce89f245954b31b9f48b04b\">\n#top .av-special-heading.av-l64zxuhb-2b2fb8e15ce89f245954b31b9f48b04b{\npadding-bottom:10px;\n}\nbody .av-special-heading.av-l64zxuhb-2b2fb8e15ce89f245954b31b9f48b04b .av-special-heading-tag .heading-char{\nfont-size:25px;\n}\n.av-special-heading.av-l64zxuhb-2b2fb8e15ce89f245954b31b9f48b04b .av-subheading{\nfont-size:15px;\n}\n<\/style>\n<div  class='av-special-heading av-l64zxuhb-2b2fb8e15ce89f245954b31b9f48b04b av-special-heading-h3  avia-builder-el-1  el_before_av_textblock  avia-builder-el-first '><h3 class='av-special-heading-tag'  itemprop=\"headline\"  >\u00dcretim Kapsam\u0131<\/h3><div class=\"special-heading-border\"><div class=\"special-heading-inner-border\"><\/div><\/div><\/div>\n<section  class='av_textblock_section av-l64w6cm0-c7014346c58e3b4886fec6ff5f0a3e50'  itemscope=\"itemscope\" itemtype=\"https:\/\/schema.org\/CreativeWork\" ><div class='avia_textblock'  itemprop=\"text\" ><p>Krem ve \u015fampuan, a\u011fda, sa\u00e7 boyas\u0131, s\u0131v\u0131 deterjan, yumu\u015fat\u0131c\u0131, y\u00fczey temizleyici, cilt kremleri, bak\u0131m ya\u011flar\u0131 ve losyonlar\u0131, v\u00fccut jelleri, talk pudra, likit pudra, t\u00fcy d\u00f6k\u00fcc\u00fc k\u00f6p\u00fck, sa\u00e7 bak\u0131m \u00fcr\u00fcnleri, sa\u00e7 boyalar\u0131 ve a\u011fart\u0131c\u0131lar, sa\u00e7 \u015fekillendirici \u00fcr\u00fcnler, du\u015f jelleri, s\u0131v\u0131 sabun, eau de toilette, deodorant, kolonya tasar\u0131m\u0131, \u00fcretim, control, sevkiyat, sat\u0131\u015f ve ihracat\u0131 ve sabun ve gran\u00fcl sabun, \u0131slak mendil, pamuklu \u00e7ubuk ,alt de\u011fi\u015ftirme \u00f6rt\u00fcs\u00fc ticareti.<\/p>\n<p><strong>EN- <\/strong>Development, production, control, shipment and export of cream and shampoo, wax, hair colour, liquid detergent, softener, surface cleaner,skin creams, care oils and lotions, body gels, talc powder,liqit powder, depilatory foam , hair care products, hair dyes and blechers, hair shaper products, shower gels, liquid soap, eau de toilette, deodorants, cologne and trade of \u00a0soaps, granule soaps, wet towels, cotton buds, changing mat products.<\/p>\n<\/div><\/section>\n<\/div><\/div><\/main><!-- close content main element --><\/div><\/div><div id='after_section_1'  class='main_color av_default_container_wrap container_wrap fullsize'  ><div class='container av-section-cont-open' ><div class='template-page content  av-content-full alpha units'><div class='post-entry post-entry-type-page post-entry-3676'><div class='entry-content-wrapper clearfix'><div class='flex_column av-l64zyd3i-ecdb48a887328ed3986e8eb0839b4ef7 av_one_full  avia-builder-el-3  el_after_av_section  avia-builder-el-no-sibling  first flex_column_div '     ><\/div><\/p>\n","protected":false},"excerpt":{"rendered":"","protected":false},"author":1,"featured_media":0,"parent":0,"menu_order":0,"comment_status":"closed","ping_status":"closed","template":"","meta":{"footnotes":""},"class_list":["post-3676","page","type-page","status-publish","hentry"],"_links":{"self":[{"href":"https:\/\/www.kopas.com\/index.php\/wp-json\/wp\/v2\/pages\/3676","targetHints":{"allow":["GET"]}}],"collection":[{"href":"https:\/\/www.kopas.com\/index.php\/wp-json\/wp\/v2\/pages"}],"about":[{"href":"https:\/\/www.kopas.com\/index.php\/wp-json\/wp\/v2\/types\/page"}],"author":[{"embeddable":true,"href":"https:\/\/www.kopas.com\/index.php\/wp-json\/wp\/v2\/users\/1"}],"replies":[{"embeddable":true,"href":"https:\/\/www.kopas.com\/index.php\/wp-json\/wp\/v2\/comments?post=3676"}],"version-history":[{"count":2,"href":"https:\/\/www.kopas.com\/index.php\/wp-json\/wp\/v2\/pages\/3676\/revisions"}],"predecessor-version":[{"id":3679,"href":"https:\/\/www.kopas.com\/index.php\/wp-json\/wp\/v2\/pages\/3676\/revisions\/3679"}],"wp:attachment":[{"href":"https:\/\/www.kopas.com\/index.php\/wp-json\/wp\/v2\/media?parent=3676"}],"curies":[{"name":"wp","href":"https:\/\/api.w.org\/{rel}","templated":true}]}}