{"id":3960,"date":"2025-09-25T14:44:03","date_gmt":"2025-09-25T11:44:03","guid":{"rendered":"https:\/\/www.kopas.com\/?page_id=3960"},"modified":"2025-09-25T14:48:21","modified_gmt":"2025-09-25T11:48:21","slug":"kalite-politikasi-2025","status":"publish","type":"page","link":"https:\/\/www.kopas.com\/index.php\/kalite-politikasi-2025\/","title":{"rendered":"KAL\u0130TE POL\u0130T\u0130KASI &#8211; 2025"},"content":{"rendered":"<div id='av_section_1'  class='avia-section av-l65002my-3672219d82b97022fe9a7ed71cb6a2be main_color avia-section-default avia-no-border-styling  avia-builder-el-0  el_before_av_one_full  avia-builder-el-first  avia-bg-style-scroll container_wrap fullsize'  ><div class='container av-section-cont-open' ><main  role=\"main\" itemprop=\"mainContentOfPage\"  class='template-page content  av-content-full alpha units'><div class='post-entry post-entry-type-page post-entry-3960'><div class='entry-content-wrapper clearfix'>\n\n<style type=\"text\/css\" data-created_by=\"avia_inline_auto\" id=\"style-css-av-l64zxuhb-644459efc265e0672ddef511fd2db2f2\">\n#top .av-special-heading.av-l64zxuhb-644459efc265e0672ddef511fd2db2f2{\npadding-bottom:10px;\n}\nbody .av-special-heading.av-l64zxuhb-644459efc265e0672ddef511fd2db2f2 .av-special-heading-tag .heading-char{\nfont-size:25px;\n}\n.av-special-heading.av-l64zxuhb-644459efc265e0672ddef511fd2db2f2 .av-subheading{\nfont-size:15px;\n}\n<\/style>\n<div  class='av-special-heading av-l64zxuhb-644459efc265e0672ddef511fd2db2f2 av-special-heading-h3  avia-builder-el-1  el_before_av_textblock  avia-builder-el-first '><h3 class='av-special-heading-tag'  itemprop=\"headline\"  >KAL\u0130TE POL\u0130T\u0130KASI<\/h3><div class=\"special-heading-border\"><div class=\"special-heading-inner-border\"><\/div><\/div><\/div>\n<section  class='av_textblock_section av-l64w6cm0-c7014346c58e3b4886fec6ff5f0a3e50'  itemscope=\"itemscope\" itemtype=\"https:\/\/schema.org\/CreativeWork\" ><div class='avia_textblock'  itemprop=\"text\" ><p>Kozmetik, sa\u011fl\u0131k ve temel sa\u011fl\u0131k \u00fcr\u00fcnleri \u00fcretim faaliyetlerimiz ile ilgili\u00a0 s\u00fcre\u00e7lerimizi, ISO 22716 GMP, ISO 9001 Kalite Y\u00f6netim, ISO 14001 \u00c7evre Y\u00f6netim ve ISO 45001 \u0130\u015f Sa\u011fl\u0131\u011f\u0131 ve G\u00fcvenli\u011fi Y\u00f6netim Sistemleri gerekleri do\u011frultusunda olu\u015fturur ve uygular\u0131z.<\/p>\n<p>M\u00fc\u015fterilerin ihtiya\u00e7 ve beklentilerini tam olarak kar\u015f\u0131layan, g\u00fcvenilir ve aranan firma olmay\u0131, topluma ve \u00e7evreye sayg\u0131l\u0131 \u00f6rnek bir kurulu\u015f olmay\u0131 hedefleriz. S\u00fcre\u00e7lerimizde s\u00fcrekli iyile\u015ftirme yakla\u015f\u0131m\u0131n\u0131 uygular ve bu do\u011frultuda sistematik g\u00f6zden ge\u00e7irmelerle iyile\u015ftirmeye a\u00e7\u0131k alanlar\u0131m\u0131z\u0131 belirler ve iyile\u015ftiririz.<\/p>\n<p>\u00dcr\u00fcn ve \u00fcretim kalitemizin, g\u00fcncel reg\u00fclasyonlar, uygulanabilir t\u00fcm yasal gereklilikler do\u011frultusunda ve yerel ve uluslararas\u0131 otoritelerin ilgili mevzuatlar\u0131na uygun olmas\u0131n\u0131 sa\u011flar\u0131z. M\u00fc\u015fterilerimizin ve i\u015fbirli\u011fi i\u00e7erisinde oldu\u011fumuz kurum ve kurulu\u015flar\u0131n yasal gerekliliklere ters d\u00fc\u015fmeyen taleplerini dikkate al\u0131r\u0131z. Tedarik\u00e7ilerimiz ve fason i\u015f yapt\u0131rd\u0131\u011f\u0131m\u0131z kurulu\u015flar\u0131n yasalara uygunlu\u011funu kontrol eder ve de\u011ferlendiririz. \u0130klim de\u011fi\u015fikli\u011finin i\u015fimiz ve tedarik zincirimiz \u00fczerindeki uzun vadeli do\u011frudan ve dolayl\u0131 etkilerini takip ediyoruz.<\/p>\n<p>Hedeflere ula\u015f\u0131lmas\u0131n\u0131, y\u00f6netim sorumlulu\u011fu olarak kabul eder, t\u00fcm \u00e7al\u0131\u015fanlar\u0131m\u0131z\u0131n ve tedarik\u00e7ilerimizin sisteme kat\u0131l\u0131m\u0131n\u0131 sa\u011flar\u0131z. M\u00fc\u015fteri ve tedarik\u00e7ilerimizle kar\u015f\u0131l\u0131kl\u0131 fayday\u0131 artt\u0131racak i\u015f birlikleri kurar ve y\u00fcr\u00fct\u00fcr\u00fcz.<\/p>\n<p>Kalite Politikam\u0131z\u0131n t\u00fcm \u00e7al\u0131\u015fanlar\u0131m\u0131za benimsetilmesi, Kalite Sistemi\u2019mizle ilgili kavram ve prensiplerin iyi anla\u015f\u0131lmas\u0131 ve bilin\u00e7 d\u00fczeyinin artt\u0131r\u0131lmas\u0131 i\u00e7in s\u00fcrekli ve planl\u0131 e\u011fitim yapar\u0131z.<\/p>\n<p>\u00d6zcan AKSOY<\/p>\n<p>\u0130\u015fletme Direkt\u00f6r\u00fc<\/p>\n<p>Revizyon no:09<\/p>\n<p>Revizyon Tarihi: 01.03.2024<\/p>\n<\/div><\/section>\n<\/div><\/div><\/main><!-- close content main element --><\/div><\/div><div id='after_section_1'  class='main_color av_default_container_wrap container_wrap fullsize'  ><div class='container av-section-cont-open' ><div class='template-page content  av-content-full alpha units'><div class='post-entry post-entry-type-page post-entry-3960'><div class='entry-content-wrapper clearfix'><div class='flex_column av-l64zyd3i-ecdb48a887328ed3986e8eb0839b4ef7 av_one_full  avia-builder-el-3  el_after_av_section  avia-builder-el-no-sibling  first flex_column_div '     ><\/div><\/p>\n","protected":false},"excerpt":{"rendered":"","protected":false},"author":1,"featured_media":0,"parent":0,"menu_order":0,"comment_status":"closed","ping_status":"closed","template":"","meta":{"footnotes":""},"class_list":["post-3960","page","type-page","status-publish","hentry"],"_links":{"self":[{"href":"https:\/\/www.kopas.com\/index.php\/wp-json\/wp\/v2\/pages\/3960","targetHints":{"allow":["GET"]}}],"collection":[{"href":"https:\/\/www.kopas.com\/index.php\/wp-json\/wp\/v2\/pages"}],"about":[{"href":"https:\/\/www.kopas.com\/index.php\/wp-json\/wp\/v2\/types\/page"}],"author":[{"embeddable":true,"href":"https:\/\/www.kopas.com\/index.php\/wp-json\/wp\/v2\/users\/1"}],"replies":[{"embeddable":true,"href":"https:\/\/www.kopas.com\/index.php\/wp-json\/wp\/v2\/comments?post=3960"}],"version-history":[{"count":2,"href":"https:\/\/www.kopas.com\/index.php\/wp-json\/wp\/v2\/pages\/3960\/revisions"}],"predecessor-version":[{"id":3967,"href":"https:\/\/www.kopas.com\/index.php\/wp-json\/wp\/v2\/pages\/3960\/revisions\/3967"}],"wp:attachment":[{"href":"https:\/\/www.kopas.com\/index.php\/wp-json\/wp\/v2\/media?parent=3960"}],"curies":[{"name":"wp","href":"https:\/\/api.w.org\/{rel}","templated":true}]}}