{"id":3973,"date":"2025-09-25T14:53:15","date_gmt":"2025-09-25T11:53:15","guid":{"rendered":"https:\/\/www.kopas.com\/?page_id=3973"},"modified":"2025-09-25T14:54:49","modified_gmt":"2025-09-25T11:54:49","slug":"rusvet-yolsuzluk-mucadele-politika","status":"publish","type":"page","link":"https:\/\/www.kopas.com\/index.php\/rusvet-yolsuzluk-mucadele-politika\/","title":{"rendered":"R\u00fc\u015fvet ve Yolsuzlukla M\u00fccadele Politikas\u0131"},"content":{"rendered":"<div id='av_section_1'  class='avia-section av-l65002my-3672219d82b97022fe9a7ed71cb6a2be main_color avia-section-default avia-no-border-styling  avia-builder-el-0  el_before_av_one_full  avia-builder-el-first  avia-bg-style-scroll container_wrap fullsize'  ><div class='container av-section-cont-open' ><main  role=\"main\" itemprop=\"mainContentOfPage\"  class='template-page content  av-content-full alpha units'><div class='post-entry post-entry-type-page post-entry-3973'><div class='entry-content-wrapper clearfix'>\n\n<style type=\"text\/css\" data-created_by=\"avia_inline_auto\" id=\"style-css-av-l64zxuhb-60f751cb3fe377598943a00ffff4851c\">\n#top .av-special-heading.av-l64zxuhb-60f751cb3fe377598943a00ffff4851c{\npadding-bottom:10px;\n}\nbody .av-special-heading.av-l64zxuhb-60f751cb3fe377598943a00ffff4851c .av-special-heading-tag .heading-char{\nfont-size:25px;\n}\n.av-special-heading.av-l64zxuhb-60f751cb3fe377598943a00ffff4851c .av-subheading{\nfont-size:15px;\n}\n<\/style>\n<div  class='av-special-heading av-l64zxuhb-60f751cb3fe377598943a00ffff4851c av-special-heading-h3  avia-builder-el-1  el_before_av_textblock  avia-builder-el-first '><h3 class='av-special-heading-tag'  itemprop=\"headline\"  >R\u00dc\u015eVET VE YOLSUZLUKLA M\u00dcCADELE POL\u0130T\u0130KASI<\/h3><div class=\"special-heading-border\"><div class=\"special-heading-inner-border\"><\/div><\/div><\/div>\n<section  class='av_textblock_section av-l64w6cm0-c7014346c58e3b4886fec6ff5f0a3e50'  itemscope=\"itemscope\" itemtype=\"https:\/\/schema.org\/CreativeWork\" ><div class='avia_textblock'  itemprop=\"text\" ><p>Kopa\u015f Kozmetik, her t\u00fcrl\u00fc r\u00fc\u015fvet ve yolsuzlu\u011fun kar\u015f\u0131s\u0131ndad\u0131r ve ilgili yasa, d\u00fczenlemelere ve ilkelere uyum sa\u011flamak konusunda kararl\u0131 olup bunu sa\u011flamak ad\u0131na R\u00fc\u015fvet ve Yolsuzlukla M\u00fccadele Politikas\u0131 olu\u015fturmu\u015ftur. Amac\u0131 ne olursa olsun r\u00fc\u015fvet al\u0131nmas\u0131 ya da verilmesi kesinlikle kabul edilemez.<\/p>\n<p><strong>Kapsam<\/strong><\/p>\n<p>Bu politika, Kopa\u015f Kozmetik\u2019te \u00e7al\u0131\u015fan t\u00fcm personeli, y\u00f6netim kurulu \u00fcyelerini, i\u015f ortaklar\u0131n\u0131, tedarik\u00e7ilerini ve \u00fc\u00e7\u00fcnc\u00fc taraflar\u0131 kapsar.<\/p>\n<p><strong>R\u00fc\u015fvet<\/strong><\/p>\n<p>Bir ki\u015finin \u015eirket i\u00e7indeki bir payda\u015fla veya \u00fc\u00e7\u00fcnc\u00fc bir ki\u015fiyle vard\u0131\u011f\u0131 anla\u015fma \u00e7er\u00e7evesinde, g\u00f6revinin gereklerine ayk\u0131r\u0131 veya ola\u011fan i\u015f ak\u0131\u015f\u0131n\u0131n d\u0131\u015f\u0131nda g\u00f6revinin ifas\u0131 ile ilgili bir i\u015fi yapmas\u0131, yapt\u0131rmas\u0131, yapmamas\u0131, h\u0131zland\u0131rmas\u0131, yava\u015flatmas\u0131 gibi yollarla s\u0131fat\u0131 ne olursa olsun do\u011frudan ya da Kopa\u015f Kozmetik ad\u0131na hareket eden menfaat temini, teklifi veya vaat edilmesi; talep veya kabul edilmesi gibi yollarla g\u00f6revinin gereklerine ayk\u0131r\u0131 hareket etmesi ve kendisine veya bunu talep eden tarafa veya bu ili\u015fki dolay\u0131s\u0131yla bir \u00fc\u00e7\u00fcnc\u00fc ki\u015fiye belirli bir \u00e7\u0131kar sa\u011flanmas\u0131d\u0131r.<\/p>\n<p><strong>Yolsuzluk<\/strong><\/p>\n<p>Ki\u015finin y\u00fcr\u00fctt\u00fc\u011f\u00fc g\u00f6rev nedeniyle sahip oldu\u011fu yetkinin, g\u00f6revinin gereklerine ayk\u0131r\u0131 veya ola\u011fan i\u015f ak\u0131\u015f\u0131n\u0131n d\u0131\u015f\u0131nda do\u011frudan veya dolayl\u0131 olarak, r\u00fc\u015fvet veya ba\u015fka her t\u00fcrl\u00fc yasad\u0131\u015f\u0131 menfaatin talep ve teklif edilmesi, vaat edilmesi, verilmesi ya da kabul edilmesi suretiyle nakit, hediye, para ile \u00f6l\u00e7\u00fclebilir veya \u00f6l\u00e7\u00fclemeyen her t\u00fcrl\u00fc maddi ve manevi kazan\u00e7 sa\u011flama ya da s\u00fcrd\u00fcrmek amac\u0131yla k\u00f6t\u00fcye kullan\u0131lmas\u0131d\u0131r. Yolsuzluk fiilinde, al\u0131c\u0131n\u0131n yerli ya da yabanc\u0131 bir \u015fah\u0131s olmas\u0131, devlet memuru veya kamu g\u00f6revlisi ya da \u00f6zel \u015fah\u0131s olmas\u0131, fiilin i\u015flendi\u011fi yer, faaliyette bulunulan \u00fclkede veya i\u015f kolunda bu t\u00fcr uygulamalar\u0131n yayg\u0131n olmas\u0131, fiil neticesinde temin edilen menfaatin de\u011ferinin \u00e7ok d\u00fc\u015f\u00fck olmas\u0131 veya teklif yap\u0131lmas\u0131na kar\u015f\u0131n verilen taahh\u00fcd\u00fcn hen\u00fcz ger\u00e7ekle\u015fmemesi hali de Politika ihlalini meydana getirir.<\/p>\n<p><strong>Hediye<\/strong><\/p>\n<p>Hediye, maddi bir \u00f6deme gerektirmeyen ve genelde i\u015f ili\u015fkisinde bulunan ki\u015filer ya da m\u00fc\u015fteriler taraf\u0131ndan te\u015fekk\u00fcr ya da ticari nezaket icab\u0131 verilen bir \u00fcr\u00fcnd\u00fcr.<\/p>\n<p>Makul ve mesleki ama\u00e7larla yap\u0131lan, sekt\u00f6rel standartlara uygun hediye ve a\u011f\u0131rlama faaliyetleri s\u0131n\u0131rl\u0131 ve kay\u0131t alt\u0131na al\u0131nm\u0131\u015f \u015fekilde ger\u00e7ekle\u015ftirilebilir. Hediyenin kabul edilmesi i\u00e7in de ayn\u0131 prensipler ge\u00e7erlidir ve bu prensiplerde yer verilen maddi de\u011feri y\u00fcksek olmayan, sembolik hediyelerin d\u0131\u015f\u0131nda kesinlikle hediye kabul edilmemelidir.<\/p>\n<p>Politikada belirtilen hususlara uyumlu olsa dahi \u00e7\u0131kar \u00e7at\u0131\u015fmas\u0131na yol a\u00e7abilecek veya kamuoyunda duyuldu\u011funda bu \u015fekilde alg\u0131lanabilecek durumlara da sebebiyet verilmemeli, b\u00f6yle durumlarda hediye teklif edilmemeli veya kabul edilmemelidir.<\/p>\n<p><strong>Kolayla\u015ft\u0131rma \u00d6demeleri <\/strong><\/p>\n<p>Bu politikan\u0131n kapsam\u0131nda yer alan ki\u015fi ve kurulu\u015flar\u0131n, devlet kurumlar\u0131 ile rutin bir i\u015flemi ya da s\u00fcreci (izin ve ruhsat almak, belge temin etmek vb.) g\u00fcvenceye almak ya da h\u0131zland\u0131rmak i\u00e7in kolayla\u015ft\u0131rma \u00f6demeleri teklif edilemez.<\/p>\n<p><strong>E\u011fitim ve \u0130leti\u015fim<\/strong><\/p>\n<p>Kopa\u015f Kozmetik muhasebe ve kay\u0131t sistemli ile ilgili uymak zorunda oldu\u011fu hususlar yasal d\u00fczenlemeler ile d\u00fczenlenmi\u015ftir. Buna g\u00f6re;<\/p>\n<p>\u00dc\u00e7\u00fcnc\u00fc \u015fah\u0131slara (m\u00fc\u015fteriler, tedarik\u00e7iler, vb.) ili\u015fkilere ait her t\u00fcrl\u00fc hesap, fatura ve belgenin, eksiksiz, kesin ve do\u011frulu\u011funa g\u00fcvenilir \u015fekilde kayda ge\u00e7irilmesi ve muhafaza edilmesi,<\/p>\n<p>Herhangi bir i\u015fleme ili\u015fkin muhasebe ya da benzer ticari kay\u0131tlar \u00fczerinde tahrifat yap\u0131lmamas\u0131 ve ger\u00e7eklerin sapt\u0131r\u0131lmamas\u0131<\/p>\n<p><strong>Mal ve Hizmet Al\u0131nan Firmalar ve \u0130\u015f Ortaklar\u0131<\/strong><\/p>\n<p>Mal ve hizmet al\u0131nan ve sat\u0131lan firmalar\u0131n ve i\u015f ortaklar\u0131n\u0131n, Politika esaslar\u0131na ve ilgili di\u011fer yasal d\u00fczenlemelere uyum sa\u011flamas\u0131 zorunludur; bunlara uymayan ki\u015fi ve kurulu\u015flar ile \u00e7al\u0131\u015fma sonland\u0131r\u0131l\u0131r. Mal ve hizmet al\u0131nan firma ya da i\u015f ortaklar\u0131n\u0131n da \u00e7al\u0131\u015fanlar\u0131na Politika ile ilgili d\u00fczenli hat\u0131rlatma yapmas\u0131 ve b\u00f6yle durumlarla kar\u015f\u0131la\u015fmalar\u0131 durumunda bildirim yapmalar\u0131n\u0131 te\u015fvik etmesi gerekmektedir.<\/p>\n<p><strong>\u00a0<\/strong><\/p>\n<p><strong>Politika \u0130hlalleri ve Al\u0131nan \u00d6nlemler<\/strong><\/p>\n<p>T\u00fcm \u00e7al\u0131\u015fanlar bu Politika h\u00fck\u00fcmlerine uymakla y\u00fck\u00fcml\u00fcd\u00fcr.<\/p>\n<p>Politikaya ayk\u0131r\u0131 olan veya olma ihtimali olan durumlarda, konu incelenir ve uygunsuz davran\u0131\u015flar\u0131n tespiti halinde gerekli yapt\u0131r\u0131mlar uygulan\u0131r, firmam\u0131zda \u00e7al\u0131\u015fanlar\u0131n \u015f\u00fcpheli durumlar\u0131 bildirebilece\u011fi <a href=\"mailto:etik@kopas.com\">etik@kopas.com<\/a> mail adresine bildirim yap\u0131labilmektedir. Herhangi bir r\u00fc\u015fvet ve yolsuzluk politikas\u0131 ihlali durumunda, kademeli disiplin s\u00fcreci i\u015fletilir ve fiilin a\u011f\u0131rl\u0131\u011f\u0131na g\u00f6re, i\u015f akdinin feshi dahil olmak \u00fczere yapt\u0131r\u0131mlar uygulan\u0131r.<\/p>\n<p>\u00d6zcan AKSOY\u00a0\u00a0\u00a0\u00a0\u00a0\u00a0\u00a0\u00a0\u00a0\u00a0\u00a0\u00a0\u00a0\u00a0\u00a0\u00a0\u00a0\u00a0\u00a0\u00a0\u00a0\u00a0\u00a0\u00a0\u00a0\u00a0\u00a0\u00a0\u00a0\u00a0\u00a0\u00a0\u00a0\u00a0\u00a0\u00a0\u00a0\u00a0\u00a0\u00a0\u00a0\u00a0\u00a0\u00a0\u00a0\u00a0\u00a0\u00a0\u00a0\u00a0\u00a0\u00a0\u00a0\u00a0\u00a0\u00a0\u00a0\u00a0\u00a0\u00a0\u00a0\u00a0\u00a0\u00a0\u00a0\u00a0\u00a0\u00a0\u00a0\u00a0\u00a0\u00a0\u00a0\u00a0\u00a0\u00a0\u00a0\u00a0\u00a0\u00a0\u00a0\u00a0\u00a0\u00a0\u00a0\u00a0\u00a0\u00a0\u00a0\u00a0\u00a0\u00a0\u00a0\u00a0\u00a0\u00a0\u00a0\u00a0\u00a0\u00a0\u00a0\u00a0\u00a0\u00a0\u00a0\u00a0\u00a0\u00a0\u00a0\u00a0\u00a0\u00a0\u00a0\u00a0 Revizyon No: 03<\/p>\n<p>\u0130\u015fletme Direkt\u00f6r Yard.\u00a0\u00a0\u00a0\u00a0\u00a0\u00a0\u00a0\u00a0\u00a0\u00a0\u00a0\u00a0\u00a0\u00a0\u00a0\u00a0\u00a0\u00a0\u00a0\u00a0\u00a0\u00a0\u00a0\u00a0\u00a0\u00a0\u00a0\u00a0\u00a0\u00a0\u00a0\u00a0\u00a0\u00a0\u00a0\u00a0\u00a0\u00a0\u00a0\u00a0\u00a0\u00a0\u00a0\u00a0\u00a0\u00a0\u00a0\u00a0\u00a0\u00a0\u00a0\u00a0\u00a0\u00a0\u00a0\u00a0\u00a0\u00a0\u00a0\u00a0\u00a0\u00a0\u00a0\u00a0\u00a0\u00a0\u00a0\u00a0\u00a0\u00a0\u00a0\u00a0\u00a0\u00a0\u00a0\u00a0\u00a0\u00a0\u00a0\u00a0\u00a0\u00a0\u00a0\u00a0\u00a0 Haz\u0131rland\u0131\u011f\u0131 Tarih: 17.09.2025<\/p>\n<p>(Y\u00f6netim Temsilcisi)<\/p>\n<\/div><\/section>\n<\/div><\/div><\/main><!-- close content main element --><\/div><\/div><div id='after_section_1'  class='main_color av_default_container_wrap container_wrap fullsize'  ><div class='container av-section-cont-open' ><div class='template-page content  av-content-full alpha units'><div class='post-entry post-entry-type-page post-entry-3973'><div class='entry-content-wrapper clearfix'><div class='flex_column av-l64zyd3i-ecdb48a887328ed3986e8eb0839b4ef7 av_one_full  avia-builder-el-3  el_after_av_section  avia-builder-el-no-sibling  first flex_column_div '     ><\/div><\/p>\n","protected":false},"excerpt":{"rendered":"","protected":false},"author":1,"featured_media":0,"parent":0,"menu_order":0,"comment_status":"closed","ping_status":"closed","template":"","meta":{"footnotes":""},"class_list":["post-3973","page","type-page","status-publish","hentry"],"_links":{"self":[{"href":"https:\/\/www.kopas.com\/index.php\/wp-json\/wp\/v2\/pages\/3973","targetHints":{"allow":["GET"]}}],"collection":[{"href":"https:\/\/www.kopas.com\/index.php\/wp-json\/wp\/v2\/pages"}],"about":[{"href":"https:\/\/www.kopas.com\/index.php\/wp-json\/wp\/v2\/types\/page"}],"author":[{"embeddable":true,"href":"https:\/\/www.kopas.com\/index.php\/wp-json\/wp\/v2\/users\/1"}],"replies":[{"embeddable":true,"href":"https:\/\/www.kopas.com\/index.php\/wp-json\/wp\/v2\/comments?post=3973"}],"version-history":[{"count":2,"href":"https:\/\/www.kopas.com\/index.php\/wp-json\/wp\/v2\/pages\/3973\/revisions"}],"predecessor-version":[{"id":3975,"href":"https:\/\/www.kopas.com\/index.php\/wp-json\/wp\/v2\/pages\/3973\/revisions\/3975"}],"wp:attachment":[{"href":"https:\/\/www.kopas.com\/index.php\/wp-json\/wp\/v2\/media?parent=3973"}],"curies":[{"name":"wp","href":"https:\/\/api.w.org\/{rel}","templated":true}]}}